405*u**2. Let x be (-9)/(-6)*1*4. What is the units digit of s(x)?
9
Suppose -4*j + 3*k + 1298 = 0, 2*j + 2*k = 253 + 389. What is the hundreds digit of j?
3
Let o(d) = -132*d + 235. What is the thousands digit of o(-8)?
1
Let p = 9523 - 5258. What is the thousands digit of p?
4
What is the tens digit of ((-535)/35 + 7)*-7?
5
Suppose -16*r = -6017 - 3375. What is the hundreds digit of r?
5
Suppose -5*s - 12 = u, 2*u + 4 = -0. Let h(y) = 2*y**2 - 5*y - 2. What is the tens digit of h(s)?
1
Suppose -20 = -5*d, -3*l + 2664 = l + 4*d. What is the tens digit of l?
6
Let b = -4 + 6. Suppose b*f = 2*y - y - 133, 4*f = -4. What is the tens digit of y?
3
Let l(p) = p**3 + 11*p**2 - 14*p + 13. Let i be 36/(-306) + (-202)/17. What is the tens digit of l(i)?
3
Let q(p) = -p**3 + 7*p**2 - 7*p + 6. Let v = 57 - 32. Suppose -v = -6*o + o. What is the units digit of q(o)?
1
Let g(w) be the first derivative of -17*w**2 + 9*w - 26. What is the hundreds digit of g(-4)?
1
Let d = -440 + 744. Let w be (-16)/(-88) + d/22. Suppose -5*y = -3*i + 45, -2*i = -5*y - w - 11. What is the tens digit of i?
2
What is the hundreds digit of (-39 + 65)/((-1)/((-370)/4))?
4
Let u(q) = -q**2 - 11*q - 4. Let z = 31 - 4. Suppose 3*b - p = -z, -2*p + 2 = b - 6*p. What is the units digit of u(b)?
6
Suppose 0 = 3*q - 5*l - 2648, -4*q - 2644 = -7*q + l. What is the tens digit of q?
8
Let l be (-3)/7 + 431/(-7). Let f = -43 - l. Let v = -4 + f. What is the units digit of v?
5
Suppose -5*u + 1 + 28 = w, u = 3*w - 7. What is the units digit of w?
4
Let k be 1/(3 - (-17)/(-6)). Suppose -a + 2*f = -269, 4*a + 558 = k*a + f. What is the units digit of a?
7
Suppose 2*s + 10 = -16. Let z(n) = n**3 + 14*n**2 + 9*n - 15. What is the tens digit of z(s)?
3
Let a = 24 + -22. Suppose 3*u - a*u = 51. What is the tens digit of u?
5
Suppose -5*x = 15, -1187 - 319 = -2*m + 2*x. What is the tens digit of m?
5
Let h(x) = -x**3 + 8*x**2 - 4*x - 16. Let c be h(7). Suppose 1 = w - c. What is the units digit of w?
6
Let d = 100 - 34. What is the units digit of d?
6
Let s be 2 - 2 - (-1 + 2). Let n(v) be the third derivative of -17*v**6/40 + v**5/30 - v**3/6 - 8*v**2. What is the units digit of n(s)?
2
Let g be 27/(-18)*(-8)/6. Suppose -3*q + 240 = g*q. Let b = -28 + q. What is the units digit of b?
0
Suppose a = -a - 48. Let q be (0 - 57/(-2))/(45/60). Let b = a + q. What is the units digit of b?
4
What is the thousands digit of -3 + -3 + (2083 - -12)?
2
What is the hundreds digit of (4578/24)/((-1)/(-4))?
7
Let k be (-20)/(-6)*(-14 + 11). What is the hundreds digit of 5/k*-4*(-278)/(-4)?
1
Suppose 3*s - 13273 = 2*q, -2*q - 22119 = 10*s - 15*s. What is the units digit of s?
3
What is the tens digit of (11016/(-48))/(3/(-6))?
5
What is the tens digit of (-194)/(-4)*(-5 + 15 + -6)?
9
Suppose 32*r = 55717 - 16517. What is the units digit of r?
5
Suppose 0 = -2*g + 22 + 98. Suppose -9 = 3*h, 4*r + 2*h = 329 - 35. Suppose 4*o + 2*m = g, 4*o + o - 5*m = r. What is the tens digit of o?
1
Suppose -4*v - 3*k + 73 + 104 = 0, 0 = v - k - 46. What is the units digit of v?
5
Let l be 19 - 22 - (-132 - 1). Let m = l + -65. What is the tens digit of m?
6
What is the hundreds digit of (-4)/(-22) - 387/(-33)*19?
2
Let p(c) = -c**3 - 7*c**2 + 10*c + 4. Let j be p(-8). Let k(s) = -4*s + 12. Let v be k(j). Suppose -w = 3*w - v. What is the units digit of w?
5
Let l(q) = -q + 9. Let o(j) = -j - 12. Let w be o(-16). Let s be l(w). Suppose -4*x - s*r - 15 = -9*x, -5*r = 2*x - 6. What is the units digit of x?
3
Let m = 17 + -8. Let g be 3/9 + -4 + (-26)/(-3). Suppose -m = g*l - 44. What is the units digit of l?
7
Let z(y) = 643*y**3 + y - 1. What is the tens digit of z(1)?
4
Let x be 102/4 - 8/16. Let k(t) = -3 - 24*t - 1 - t**3 + x*t. What is the tens digit of k(-3)?
2
Suppose -4*v + 3*u = -114, -v = v + 5*u - 70. Let k = -11 + v. Let s = -16 + k. What is the units digit of s?
3
Let v be 54 - (-1 + 3 + -3). Suppose -t - v = 4*t. Let z(a) = a + 19. What is the units digit of z(t)?
8
Let o = 3858 + -626. What is the units digit of o?
2
Suppose 9*u - 4*u - 300 = 0. Suppose -5*v + 3*v - 22 = 0. Let a = u + v. What is the tens digit of a?
4
Let x = 11 + -7. Suppose -202 = -x*y + 302. Let d = y - 85. What is the tens digit of d?
4
Let d(c) = 4*c - 27. Let o be d(12). Let u = 21 - o. Suppose -6*q + 116 - 14 = u. What is the units digit of q?
7
Let m(b) = b - 3. Let j be m(5). Suppose 4*x - 37 = -j*r + 49, 0 = r + 5*x - 52. Let q = -24 + r. What is the units digit of q?
3
Suppose -9*o = -5 - 13. Suppose 0 = 5*r + 5*k - 180, -r = -o*r + k + 34. What is the units digit of r?
5
Let s = -310 + 1102. What is the tens digit of s?
9
Suppose -z = 4*z - 540. Suppose -4*n - 5*p = -n - 91, -4*n - 4*p = -z. What is the units digit of n?
2
Let u = -87 + 80. What is the units digit of (-1690)/(-9) - (195/(-27) - u)?
8
Suppose -7*t + 7 = -21. Let m(y) = 4*y**3 - 2*y**2 - 10*y + 4. What is the units digit of m(t)?
8
Suppose 0 = 11*y + 3 - 25. Suppose 5*s + 3*t = 236, 0 = -s + y*s + 5*t - 56. What is the units digit of s?
6
Let x be 2 + (-3 - (3 + -6)). Suppose -4*q + 7*q = 5*y + 248, x*q - 4*y = 164. What is the tens digit of q?
8
What is the tens digit of 4600/20 + 1 + -3?
2
Let y(t) = -4*t**2 - 7*t - 12. Let r(h) = -3*h**2 - 5*h - 8. Let m(i) = 7*r(i) - 5*y(i). Suppose -q = 2*v - 4*q, 0 = 4*v - 4*q. What is the units digit of m(v)?
4
Suppose q - 78 = 4*m - 2*m, -3 = -m. What is the units digit of q?
4
Let b be (-22)/33 + 296/3. Let h = 138 - b. Suppose -j + h = j. What is the units digit of j?
0
Suppose 10 - 52 = -6*y. What is the tens digit of 15*y/14*4/2?
1
Let m(z) = -z + 4. Let c be m(0). Let r be -9*(-4)/12 + 69. Suppose -28 = -c*h + r. What is the units digit of h?
5
Let o(i) = 23*i**2 + 18*i + 1. Let f be o(-6). Suppose -4*t = -3*z + 176 + f, 5*z = -25. What is the tens digit of (t/(-20))/((-3)/(-15))?
5
Let l be ((-5)/2)/(9/36). Let d = l + 5. What is the units digit of 4 + (-4 - d) + 17?
2
Let b be 2 - -1 - (1 - 2). Suppose -7 = -b*f + 13, 4*f = -4*c + 232. What is the units digit of c?
3
Suppose 0 = 3*c + 2*p + 3*p - 535, 5*c = -5*p + 895. Let b = -7 + c. What is the units digit of b?
3
Let h = -613 - -2331. What is the thousands digit of h?
1
Let n = 15 + -10. Suppose -n*z - 3*u = 54, 5*z = 2*u + u - 66. Let d = 40 + z. What is the units digit of d?
8
Let v be (6/(-18))/(3/(-9) - 0). Let t(f) = 41*f**3 + 1. What is the units digit of t(v)?
2
What is the tens digit of (181/3)/((-3)/(-45))?
0
Let s = 3494 + -174. What is the tens digit of s?
2
Let x(q) = -q + 13. Let g be (-60)/(-25) + (-4)/10. Suppose -6*w + 28 = -g*w. What is the units digit of x(w)?
6
Let d(n) = -2*n**3 - n**2 + n - 1. Let g be d(-2). Let y = -6 + g. Suppose -22 = -y*m + 26. What is the tens digit of m?
1
Suppose 0 = 9*t - 15 - 57. Let j = 32 - t. What is the units digit of j?
4
Suppose 10 = s - 18. Let j = -13 + s. What is the units digit of j?
5
Suppose 4*h = -5*g + 169, -2*g + 6*g + 16 = h. Suppose 3*l + h = -0*l. What is the units digit of (-242)/l + (-1)/6?
0
Let d be 49/14 + (-1)/2*1. Let q(f) = -f**2 - 4*f - 4. Let g be q(-4). What is the units digit of 69*(-1 - g/d)?
3
Let v = 1644 + -1090. What is the hundreds digit of v?
5
Suppose -2*h + 5*d - 124 - 70 = 0, -3*h = -2*d + 313. Let c be 2/(-4)*(-311 + -1). Let y = h + c. What is the units digit of y?
9
Suppose x = g - 830, -2*g = -4*g + x + 1665. What is the tens digit of g?
3
Let c = 15 + -21. Let p(d) = -3*d**3 - 3*d**2 + 6*d - 4. Let q be p(c). What is the tens digit of (-2)/7 + q/35?
1
Let n(q) = -q**2 + 15*q + 17. Let l(v) = v**2 - 2*v + 1. Let r(b) = 2*l(b) + n(b). What is the units digit of r(-14)?
1
What is the units digit of 662 - (-7)/28*-8?
0
Let o(x) = 24*x**3 - x**2 - 13*x + 14. What is the units digit of o(4)?
2
Let y = 24 - 28. Let q be (-192)/(-72)*(-6)/y. Suppose -q*s = -s - 87. What is the tens digit of s?
2
What is the tens digit of 1492 - 1 - (-1 - (-8 + 7))?
9
Let m(j) = 2*j**2 - 6*j + 1. Let a be m(4). Let p be 1/(-1) + a - 3. Suppose -h = -p*h + 24. What is the units digit of h?
6
Let b = 830 - -704. What is the tens digit of b?
3
Suppose -7*z + 16 = -54. Let p(c) = c**2 - 3*c + 10. What is the units digit of p(z)?
0
Suppose -18*p = -13*p - 25. Suppose 3*v + 40 = 2*t + 549, 0 = -p*t + 25. W